{"id":115,"date":"2021-11-12T11:55:43","date_gmt":"2021-11-12T11:55:43","guid":{"rendered":"https:\/\/www.luzukdemo.com\/demo\/kitchen-decor\/?page_id=115"},"modified":"2026-03-07T19:51:07","modified_gmt":"2026-03-07T22:51:07","slug":"contact-us","status":"publish","type":"page","link":"https:\/\/aulaexata.com\/home\/contact-us\/","title":{"rendered":"Contato"},"content":{"rendered":"\n<!-- Event snippet for Visualiza\u00e7\u00e3o de p\u00e1gina conversion page -->\n<script>\n  gtag('event', 'conversion', {\n      'send_to': 'AW-16686323153\/QoNtCMust84ZENGr1JQ-',\n      'value': 1.0,\n      'currency': 'BRL'\n  });\n<\/script>\n","protected":false},"excerpt":{"rendered":"","protected":false},"author":2,"featured_media":2894,"parent":0,"menu_order":0,"comment_status":"closed","ping_status":"closed","template":"templates\/contact-template.php","meta":{"_joinchat":[],"footnotes":""},"class_list":["post-115","page","type-page","status-publish","has-post-thumbnail","hentry"],"yoast_head":"<!-- This site is optimized with the Yoast SEO plugin v27.3 - https:\/\/yoast.com\/product\/yoast-seo-wordpress\/ -->\n<title>Contato - Aula Exata<\/title>\n<meta name=\"description\" content=\"Entre em contato para enviar d\u00favidas, sugest\u00f5es ou mensagens. Utilize o formul\u00e1rio da p\u00e1gina e fale diretamente com a equipe do site.\" \/>\n<meta name=\"robots\" content=\"index, follow, max-snippet:-1, max-image-preview:large, max-video-preview:-1\" \/>\n<link rel=\"canonical\" href=\"https:\/\/aulaexata.com\/home\/contact-us\/\" \/>\n<meta property=\"og:locale\" content=\"pt_BR\" \/>\n<meta property=\"og:type\" content=\"article\" \/>\n<meta property=\"og:title\" content=\"Contato - Aula Exata\" \/>\n<meta property=\"og:description\" content=\"Entre em contato para enviar d\u00favidas, sugest\u00f5es ou mensagens. Utilize o formul\u00e1rio da p\u00e1gina e fale diretamente com a equipe do site.\" \/>\n<meta property=\"og:url\" content=\"https:\/\/aulaexata.com\/home\/contact-us\/\" \/>\n<meta property=\"og:site_name\" content=\"Aula Exata\" \/>\n<meta property=\"article:modified_time\" content=\"2026-03-07T22:51:07+00:00\" \/>\n<meta property=\"og:image\" content=\"https:\/\/aulaexata.com\/home\/wp-content\/uploads\/2023\/10\/contato.jpg\" \/>\n\t<meta property=\"og:image:width\" content=\"2500\" \/>\n\t<meta property=\"og:image:height\" content=\"1000\" \/>\n\t<meta property=\"og:image:type\" content=\"image\/jpeg\" \/>\n<meta name=\"twitter:card\" content=\"summary_large_image\" \/>\n<meta name=\"twitter:label1\" content=\"Est. tempo de leitura\" \/>\n\t<meta name=\"twitter:data1\" content=\"1 minuto\" \/>\n<script type=\"application\/ld+json\" class=\"yoast-schema-graph\">{\"@context\":\"https:\\\/\\\/schema.org\",\"@graph\":[{\"@type\":[\"WebPage\",\"ContactPage\"],\"@id\":\"https:\\\/\\\/aulaexata.com\\\/home\\\/contact-us\\\/\",\"url\":\"https:\\\/\\\/aulaexata.com\\\/home\\\/contact-us\\\/\",\"name\":\"Contato - Aula Exata\",\"isPartOf\":{\"@id\":\"https:\\\/\\\/aulaexata.com\\\/home\\\/#website\"},\"primaryImageOfPage\":{\"@id\":\"https:\\\/\\\/aulaexata.com\\\/home\\\/contact-us\\\/#primaryimage\"},\"image\":{\"@id\":\"https:\\\/\\\/aulaexata.com\\\/home\\\/contact-us\\\/#primaryimage\"},\"thumbnailUrl\":\"https:\\\/\\\/aulaexata.com\\\/home\\\/wp-content\\\/uploads\\\/2023\\\/10\\\/contato.jpg\",\"datePublished\":\"2021-11-12T11:55:43+00:00\",\"dateModified\":\"2026-03-07T22:51:07+00:00\",\"description\":\"Entre em contato para enviar d\u00favidas, sugest\u00f5es ou mensagens. Utilize o formul\u00e1rio da p\u00e1gina e fale diretamente com a equipe do site.\",\"breadcrumb\":{\"@id\":\"https:\\\/\\\/aulaexata.com\\\/home\\\/contact-us\\\/#breadcrumb\"},\"inLanguage\":\"pt-BR\",\"potentialAction\":[{\"@type\":\"ReadAction\",\"target\":[\"https:\\\/\\\/aulaexata.com\\\/home\\\/contact-us\\\/\"]}]},{\"@type\":\"ImageObject\",\"inLanguage\":\"pt-BR\",\"@id\":\"https:\\\/\\\/aulaexata.com\\\/home\\\/contact-us\\\/#primaryimage\",\"url\":\"https:\\\/\\\/aulaexata.com\\\/home\\\/wp-content\\\/uploads\\\/2023\\\/10\\\/contato.jpg\",\"contentUrl\":\"https:\\\/\\\/aulaexata.com\\\/home\\\/wp-content\\\/uploads\\\/2023\\\/10\\\/contato.jpg\",\"width\":2500,\"height\":1000,\"caption\":\"digital technology futuristic banner for web purpose\"},{\"@type\":\"BreadcrumbList\",\"@id\":\"https:\\\/\\\/aulaexata.com\\\/home\\\/contact-us\\\/#breadcrumb\",\"itemListElement\":[{\"@type\":\"ListItem\",\"position\":1,\"name\":\"In\u00edcio\",\"item\":\"https:\\\/\\\/aulaexata.com\\\/home\\\/\"},{\"@type\":\"ListItem\",\"position\":2,\"name\":\"Contato\"}]},{\"@type\":\"WebSite\",\"@id\":\"https:\\\/\\\/aulaexata.com\\\/home\\\/#website\",\"url\":\"https:\\\/\\\/aulaexata.com\\\/home\\\/\",\"name\":\"Aula Exata\",\"description\":\"\",\"publisher\":{\"@id\":\"https:\\\/\\\/aulaexata.com\\\/home\\\/#organization\"},\"potentialAction\":[{\"@type\":\"SearchAction\",\"target\":{\"@type\":\"EntryPoint\",\"urlTemplate\":\"https:\\\/\\\/aulaexata.com\\\/home\\\/?s={search_term_string}\"},\"query-input\":{\"@type\":\"PropertyValueSpecification\",\"valueRequired\":true,\"valueName\":\"search_term_string\"}}],\"inLanguage\":\"pt-BR\"},{\"@type\":\"Organization\",\"@id\":\"https:\\\/\\\/aulaexata.com\\\/home\\\/#organization\",\"name\":\"Aula Exata\",\"url\":\"https:\\\/\\\/aulaexata.com\\\/home\\\/\",\"logo\":{\"@type\":\"ImageObject\",\"inLanguage\":\"pt-BR\",\"@id\":\"https:\\\/\\\/aulaexata.com\\\/home\\\/#\\\/schema\\\/logo\\\/image\\\/\",\"url\":\"https:\\\/\\\/aulaexata.com\\\/home\\\/wp-content\\\/uploads\\\/2023\\\/10\\\/logo-aula-exata.png\",\"contentUrl\":\"https:\\\/\\\/aulaexata.com\\\/home\\\/wp-content\\\/uploads\\\/2023\\\/10\\\/logo-aula-exata.png\",\"width\":155,\"height\":45,\"caption\":\"Aula Exata\"},\"image\":{\"@id\":\"https:\\\/\\\/aulaexata.com\\\/home\\\/#\\\/schema\\\/logo\\\/image\\\/\"}}]}<\/script>\n<!-- \/ Yoast SEO plugin. -->","yoast_head_json":{"title":"Contato - Aula Exata","description":"Entre em contato para enviar d\u00favidas, sugest\u00f5es ou mensagens. Utilize o formul\u00e1rio da p\u00e1gina e fale diretamente com a equipe do site.","robots":{"index":"index","follow":"follow","max-snippet":"max-snippet:-1","max-image-preview":"max-image-preview:large","max-video-preview":"max-video-preview:-1"},"canonical":"https:\/\/aulaexata.com\/home\/contact-us\/","og_locale":"pt_BR","og_type":"article","og_title":"Contato - Aula Exata","og_description":"Entre em contato para enviar d\u00favidas, sugest\u00f5es ou mensagens. Utilize o formul\u00e1rio da p\u00e1gina e fale diretamente com a equipe do site.","og_url":"https:\/\/aulaexata.com\/home\/contact-us\/","og_site_name":"Aula Exata","article_modified_time":"2026-03-07T22:51:07+00:00","og_image":[{"width":2500,"height":1000,"url":"https:\/\/aulaexata.com\/home\/wp-content\/uploads\/2023\/10\/contato.jpg","type":"image\/jpeg"}],"twitter_card":"summary_large_image","twitter_misc":{"Est. tempo de leitura":"1 minuto"},"schema":{"@context":"https:\/\/schema.org","@graph":[{"@type":["WebPage","ContactPage"],"@id":"https:\/\/aulaexata.com\/home\/contact-us\/","url":"https:\/\/aulaexata.com\/home\/contact-us\/","name":"Contato - Aula Exata","isPartOf":{"@id":"https:\/\/aulaexata.com\/home\/#website"},"primaryImageOfPage":{"@id":"https:\/\/aulaexata.com\/home\/contact-us\/#primaryimage"},"image":{"@id":"https:\/\/aulaexata.com\/home\/contact-us\/#primaryimage"},"thumbnailUrl":"https:\/\/aulaexata.com\/home\/wp-content\/uploads\/2023\/10\/contato.jpg","datePublished":"2021-11-12T11:55:43+00:00","dateModified":"2026-03-07T22:51:07+00:00","description":"Entre em contato para enviar d\u00favidas, sugest\u00f5es ou mensagens. Utilize o formul\u00e1rio da p\u00e1gina e fale diretamente com a equipe do site.","breadcrumb":{"@id":"https:\/\/aulaexata.com\/home\/contact-us\/#breadcrumb"},"inLanguage":"pt-BR","potentialAction":[{"@type":"ReadAction","target":["https:\/\/aulaexata.com\/home\/contact-us\/"]}]},{"@type":"ImageObject","inLanguage":"pt-BR","@id":"https:\/\/aulaexata.com\/home\/contact-us\/#primaryimage","url":"https:\/\/aulaexata.com\/home\/wp-content\/uploads\/2023\/10\/contato.jpg","contentUrl":"https:\/\/aulaexata.com\/home\/wp-content\/uploads\/2023\/10\/contato.jpg","width":2500,"height":1000,"caption":"digital technology futuristic banner for web purpose"},{"@type":"BreadcrumbList","@id":"https:\/\/aulaexata.com\/home\/contact-us\/#breadcrumb","itemListElement":[{"@type":"ListItem","position":1,"name":"In\u00edcio","item":"https:\/\/aulaexata.com\/home\/"},{"@type":"ListItem","position":2,"name":"Contato"}]},{"@type":"WebSite","@id":"https:\/\/aulaexata.com\/home\/#website","url":"https:\/\/aulaexata.com\/home\/","name":"Aula Exata","description":"","publisher":{"@id":"https:\/\/aulaexata.com\/home\/#organization"},"potentialAction":[{"@type":"SearchAction","target":{"@type":"EntryPoint","urlTemplate":"https:\/\/aulaexata.com\/home\/?s={search_term_string}"},"query-input":{"@type":"PropertyValueSpecification","valueRequired":true,"valueName":"search_term_string"}}],"inLanguage":"pt-BR"},{"@type":"Organization","@id":"https:\/\/aulaexata.com\/home\/#organization","name":"Aula Exata","url":"https:\/\/aulaexata.com\/home\/","logo":{"@type":"ImageObject","inLanguage":"pt-BR","@id":"https:\/\/aulaexata.com\/home\/#\/schema\/logo\/image\/","url":"https:\/\/aulaexata.com\/home\/wp-content\/uploads\/2023\/10\/logo-aula-exata.png","contentUrl":"https:\/\/aulaexata.com\/home\/wp-content\/uploads\/2023\/10\/logo-aula-exata.png","width":155,"height":45,"caption":"Aula Exata"},"image":{"@id":"https:\/\/aulaexata.com\/home\/#\/schema\/logo\/image\/"}}]}},"_links":{"self":[{"href":"https:\/\/aulaexata.com\/home\/wp-json\/wp\/v2\/pages\/115","targetHints":{"allow":["GET"]}}],"collection":[{"href":"https:\/\/aulaexata.com\/home\/wp-json\/wp\/v2\/pages"}],"about":[{"href":"https:\/\/aulaexata.com\/home\/wp-json\/wp\/v2\/types\/page"}],"author":[{"embeddable":true,"href":"https:\/\/aulaexata.com\/home\/wp-json\/wp\/v2\/users\/2"}],"replies":[{"embeddable":true,"href":"https:\/\/aulaexata.com\/home\/wp-json\/wp\/v2\/comments?post=115"}],"version-history":[{"count":3,"href":"https:\/\/aulaexata.com\/home\/wp-json\/wp\/v2\/pages\/115\/revisions"}],"predecessor-version":[{"id":3050,"href":"https:\/\/aulaexata.com\/home\/wp-json\/wp\/v2\/pages\/115\/revisions\/3050"}],"wp:featuredmedia":[{"embeddable":true,"href":"https:\/\/aulaexata.com\/home\/wp-json\/wp\/v2\/media\/2894"}],"wp:attachment":[{"href":"https:\/\/aulaexata.com\/home\/wp-json\/wp\/v2\/media?parent=115"}],"curies":[{"name":"wp","href":"https:\/\/api.w.org\/{rel}","templated":true}]}}