{"id":19,"date":"2021-11-12T09:29:09","date_gmt":"2021-11-12T12:29:09","guid":{"rendered":"https:\/\/www.luzukdemo.com\/demo\/kitchen-decor\/?page_id=10"},"modified":"2026-03-07T19:34:04","modified_gmt":"2026-03-07T22:34:04","slug":"home-2","status":"publish","type":"page","link":"https:\/\/aulaexata.com\/home\/","title":{"rendered":"In\u00edcio"},"content":{"rendered":"\n<!-- Event snippet for Visualiza\u00e7\u00e3o de p\u00e1gina conversion page -->\n<script>\n  gtag('event', 'conversion', {\n      'send_to': 'AW-16686323153\/QoNtCMust84ZENGr1JQ-',\n      'value': 1.0,\n      'currency': 'BRL'\n  });\n<\/script>\n\n\n\n<p><\/p>\n","protected":false},"excerpt":{"rendered":"","protected":false},"author":2,"featured_media":0,"parent":0,"menu_order":0,"comment_status":"closed","ping_status":"closed","template":"templates\/home-template.php","meta":{"_joinchat":[],"footnotes":""},"class_list":["post-19","page","type-page","status-publish","hentry"],"yoast_head":"<!-- This site is optimized with the Yoast SEO plugin v27.3 - https:\/\/yoast.com\/product\/yoast-seo-wordpress\/ -->\n<title>In\u00edcio - Aula Exata<\/title>\n<meta name=\"description\" content=\"Aprenda de forma simples com conte\u00fados educativos, explica\u00e7\u00f5es claras, exerc\u00edcios e materiais para fortalecer sua base de conhecimento.\" \/>\n<meta name=\"robots\" content=\"index, follow, max-snippet:-1, max-image-preview:large, max-video-preview:-1\" \/>\n<link rel=\"canonical\" href=\"https:\/\/aulaexata.com\/home\/\" \/>\n<meta property=\"og:locale\" content=\"pt_BR\" \/>\n<meta property=\"og:type\" content=\"article\" \/>\n<meta property=\"og:title\" content=\"In\u00edcio - Aula Exata\" \/>\n<meta property=\"og:description\" content=\"Aprenda de forma simples com conte\u00fados educativos, explica\u00e7\u00f5es claras, exerc\u00edcios e materiais para fortalecer sua base de conhecimento.\" \/>\n<meta property=\"og:url\" content=\"https:\/\/aulaexata.com\/home\/\" \/>\n<meta property=\"og:site_name\" content=\"Aula Exata\" \/>\n<meta property=\"article:modified_time\" content=\"2026-03-07T22:34:04+00:00\" \/>\n<meta name=\"twitter:card\" content=\"summary_large_image\" \/>\n<script type=\"application\/ld+json\" class=\"yoast-schema-graph\">{\"@context\":\"https:\\\/\\\/schema.org\",\"@graph\":[{\"@type\":\"WebPage\",\"@id\":\"https:\\\/\\\/aulaexata.com\\\/home\\\/\",\"url\":\"https:\\\/\\\/aulaexata.com\\\/home\\\/\",\"name\":\"In\u00edcio - Aula Exata\",\"isPartOf\":{\"@id\":\"https:\\\/\\\/aulaexata.com\\\/home\\\/#website\"},\"datePublished\":\"2021-11-12T12:29:09+00:00\",\"dateModified\":\"2026-03-07T22:34:04+00:00\",\"description\":\"Aprenda de forma simples com conte\u00fados educativos, explica\u00e7\u00f5es claras, exerc\u00edcios e materiais para fortalecer sua base de conhecimento.\",\"breadcrumb\":{\"@id\":\"https:\\\/\\\/aulaexata.com\\\/home\\\/#breadcrumb\"},\"inLanguage\":\"pt-BR\",\"potentialAction\":[{\"@type\":\"ReadAction\",\"target\":[\"https:\\\/\\\/aulaexata.com\\\/home\\\/\"]}]},{\"@type\":\"BreadcrumbList\",\"@id\":\"https:\\\/\\\/aulaexata.com\\\/home\\\/#breadcrumb\",\"itemListElement\":[{\"@type\":\"ListItem\",\"position\":1,\"name\":\"In\u00edcio\",\"item\":\"https:\\\/\\\/aulaexata.com\\\/home\\\/\"},{\"@type\":\"ListItem\",\"position\":2,\"name\":\"In\u00edcio\"}]},{\"@type\":\"WebSite\",\"@id\":\"https:\\\/\\\/aulaexata.com\\\/home\\\/#website\",\"url\":\"https:\\\/\\\/aulaexata.com\\\/home\\\/\",\"name\":\"Aula Exata\",\"description\":\"\",\"publisher\":{\"@id\":\"https:\\\/\\\/aulaexata.com\\\/home\\\/#organization\"},\"potentialAction\":[{\"@type\":\"SearchAction\",\"target\":{\"@type\":\"EntryPoint\",\"urlTemplate\":\"https:\\\/\\\/aulaexata.com\\\/home\\\/?s={search_term_string}\"},\"query-input\":{\"@type\":\"PropertyValueSpecification\",\"valueRequired\":true,\"valueName\":\"search_term_string\"}}],\"inLanguage\":\"pt-BR\"},{\"@type\":\"Organization\",\"@id\":\"https:\\\/\\\/aulaexata.com\\\/home\\\/#organization\",\"name\":\"Aula Exata\",\"url\":\"https:\\\/\\\/aulaexata.com\\\/home\\\/\",\"logo\":{\"@type\":\"ImageObject\",\"inLanguage\":\"pt-BR\",\"@id\":\"https:\\\/\\\/aulaexata.com\\\/home\\\/#\\\/schema\\\/logo\\\/image\\\/\",\"url\":\"https:\\\/\\\/aulaexata.com\\\/home\\\/wp-content\\\/uploads\\\/2023\\\/10\\\/logo-aula-exata.png\",\"contentUrl\":\"https:\\\/\\\/aulaexata.com\\\/home\\\/wp-content\\\/uploads\\\/2023\\\/10\\\/logo-aula-exata.png\",\"width\":155,\"height\":45,\"caption\":\"Aula Exata\"},\"image\":{\"@id\":\"https:\\\/\\\/aulaexata.com\\\/home\\\/#\\\/schema\\\/logo\\\/image\\\/\"}}]}<\/script>\n<!-- \/ Yoast SEO plugin. -->","yoast_head_json":{"title":"In\u00edcio - Aula Exata","description":"Aprenda de forma simples com conte\u00fados educativos, explica\u00e7\u00f5es claras, exerc\u00edcios e materiais para fortalecer sua base de conhecimento.","robots":{"index":"index","follow":"follow","max-snippet":"max-snippet:-1","max-image-preview":"max-image-preview:large","max-video-preview":"max-video-preview:-1"},"canonical":"https:\/\/aulaexata.com\/home\/","og_locale":"pt_BR","og_type":"article","og_title":"In\u00edcio - Aula Exata","og_description":"Aprenda de forma simples com conte\u00fados educativos, explica\u00e7\u00f5es claras, exerc\u00edcios e materiais para fortalecer sua base de conhecimento.","og_url":"https:\/\/aulaexata.com\/home\/","og_site_name":"Aula Exata","article_modified_time":"2026-03-07T22:34:04+00:00","twitter_card":"summary_large_image","schema":{"@context":"https:\/\/schema.org","@graph":[{"@type":"WebPage","@id":"https:\/\/aulaexata.com\/home\/","url":"https:\/\/aulaexata.com\/home\/","name":"In\u00edcio - Aula Exata","isPartOf":{"@id":"https:\/\/aulaexata.com\/home\/#website"},"datePublished":"2021-11-12T12:29:09+00:00","dateModified":"2026-03-07T22:34:04+00:00","description":"Aprenda de forma simples com conte\u00fados educativos, explica\u00e7\u00f5es claras, exerc\u00edcios e materiais para fortalecer sua base de conhecimento.","breadcrumb":{"@id":"https:\/\/aulaexata.com\/home\/#breadcrumb"},"inLanguage":"pt-BR","potentialAction":[{"@type":"ReadAction","target":["https:\/\/aulaexata.com\/home\/"]}]},{"@type":"BreadcrumbList","@id":"https:\/\/aulaexata.com\/home\/#breadcrumb","itemListElement":[{"@type":"ListItem","position":1,"name":"In\u00edcio","item":"https:\/\/aulaexata.com\/home\/"},{"@type":"ListItem","position":2,"name":"In\u00edcio"}]},{"@type":"WebSite","@id":"https:\/\/aulaexata.com\/home\/#website","url":"https:\/\/aulaexata.com\/home\/","name":"Aula Exata","description":"","publisher":{"@id":"https:\/\/aulaexata.com\/home\/#organization"},"potentialAction":[{"@type":"SearchAction","target":{"@type":"EntryPoint","urlTemplate":"https:\/\/aulaexata.com\/home\/?s={search_term_string}"},"query-input":{"@type":"PropertyValueSpecification","valueRequired":true,"valueName":"search_term_string"}}],"inLanguage":"pt-BR"},{"@type":"Organization","@id":"https:\/\/aulaexata.com\/home\/#organization","name":"Aula Exata","url":"https:\/\/aulaexata.com\/home\/","logo":{"@type":"ImageObject","inLanguage":"pt-BR","@id":"https:\/\/aulaexata.com\/home\/#\/schema\/logo\/image\/","url":"https:\/\/aulaexata.com\/home\/wp-content\/uploads\/2023\/10\/logo-aula-exata.png","contentUrl":"https:\/\/aulaexata.com\/home\/wp-content\/uploads\/2023\/10\/logo-aula-exata.png","width":155,"height":45,"caption":"Aula Exata"},"image":{"@id":"https:\/\/aulaexata.com\/home\/#\/schema\/logo\/image\/"}}]}},"_links":{"self":[{"href":"https:\/\/aulaexata.com\/home\/wp-json\/wp\/v2\/pages\/19","targetHints":{"allow":["GET"]}}],"collection":[{"href":"https:\/\/aulaexata.com\/home\/wp-json\/wp\/v2\/pages"}],"about":[{"href":"https:\/\/aulaexata.com\/home\/wp-json\/wp\/v2\/types\/page"}],"author":[{"embeddable":true,"href":"https:\/\/aulaexata.com\/home\/wp-json\/wp\/v2\/users\/2"}],"replies":[{"embeddable":true,"href":"https:\/\/aulaexata.com\/home\/wp-json\/wp\/v2\/comments?post=19"}],"version-history":[{"count":8,"href":"https:\/\/aulaexata.com\/home\/wp-json\/wp\/v2\/pages\/19\/revisions"}],"predecessor-version":[{"id":3111,"href":"https:\/\/aulaexata.com\/home\/wp-json\/wp\/v2\/pages\/19\/revisions\/3111"}],"wp:attachment":[{"href":"https:\/\/aulaexata.com\/home\/wp-json\/wp\/v2\/media?parent=19"}],"curies":[{"name":"wp","href":"https:\/\/api.w.org\/{rel}","templated":true}]}}